{"id":1727,"date":"2025-05-07T16:47:50","date_gmt":"2025-05-07T16:47:50","guid":{"rendered":"https:\/\/janine-weikum.de\/?page_id=1727"},"modified":"2025-05-13T15:16:22","modified_gmt":"2025-05-13T15:16:22","slug":"yoga-2","status":"publish","type":"page","link":"https:\/\/janine-weikum.de\/?page_id=1727","title":{"rendered":"Yoga"},"content":{"rendered":"\t\t<div data-elementor-type=\"wp-page\" data-elementor-id=\"1727\" class=\"elementor elementor-1727\" data-elementor-post-type=\"page\">\n\t\t\t\t<div class=\"elementor-element elementor-element-d41034d e-flex e-con-boxed e-con e-parent\" data-id=\"d41034d\" data-element_type=\"container\" data-settings=\"{&quot;background_background&quot;:&quot;classic&quot;}\">\n\t\t\t\t\t<div class=\"e-con-inner\">\n\t\t<div class=\"elementor-element elementor-element-8071536 e-con-full e-flex e-con e-child\" data-id=\"8071536\" data-element_type=\"container\">\n\t\t\t\t<div class=\"elementor-element elementor-element-e1d0337 elementor-widget elementor-widget-text-editor\" data-id=\"e1d0337\" data-element_type=\"widget\" data-widget_type=\"text-editor.default\">\n\t\t\t\t<div class=\"elementor-widget-container\">\n\t\t\t\t\t\t\t\t\t<p style=\"text-align: center;\"><span style=\"color: #ffffff;\">Sch\u00f6n, dass dein Weg dich hierher gef\u00fchrt hat.<\/span><br data-start=\"185\" data-end=\"188\" \/><span style=\"color: #ffffff;\">Unter den folgenden Punkten findest du meine Wohlf\u00fchlangebote \u2013 mit ganz viel Herz, Achtsamkeit und Liebe f\u00fcr dich zusammengestellt.<\/span><br data-start=\"320\" data-end=\"323\" \/><span style=\"color: #ffffff;\">Ich lade dich ein, dich umzuschauen, durchzuatmen und einfach mal zu sp\u00fcren, was dir gerade guttut.<\/span><\/p>\t\t\t\t\t\t\t\t<\/div>\n\t\t\t\t<\/div>\n\t\t\t\t<\/div>\n\t\t\t\t\t<\/div>\n\t\t\t\t<\/div>\n\t\t<div class=\"elementor-element elementor-element-a33a1f4 e-flex e-con-boxed e-con e-parent\" data-id=\"a33a1f4\" data-element_type=\"container\">\n\t\t\t\t\t<div class=\"e-con-inner\">\n\t\t\t\t\t<\/div>\n\t\t\t\t<\/div>\n\t\t\t\t<\/div>\n\t\t","protected":false},"excerpt":{"rendered":"<p>Sch\u00f6n, dass dein Weg dich hierher gef\u00fchrt hat.Unter den folgenden Punkten findest du meine Wohlf\u00fchlangebote \u2013 mit ganz viel Herz, Achtsamkeit und Liebe f\u00fcr dich zusammengestellt.Ich lade dich ein, dich umzuschauen, durchzuatmen und einfach mal zu sp\u00fcren, was dir gerade guttut.<\/p>\n","protected":false},"author":1,"featured_media":0,"parent":0,"menu_order":0,"comment_status":"closed","ping_status":"closed","template":"","meta":{"footnotes":""},"class_list":["post-1727","page","type-page","status-publish","hentry","entry"],"yoast_head":"<!-- This site is optimized with the Yoast SEO plugin v25.2 - https:\/\/yoast.com\/wordpress\/plugins\/seo\/ -->\n<title>Yoga - \u201eEntspanne mit Yoga und Fu\u00dfmassage \u2013 f\u00fcr ein rundum wohltuendes K\u00f6rpergef\u00fchl und mehr Ausgeglichenheit.\u201c<\/title>\n<meta name=\"robots\" content=\"index, follow, max-snippet:-1, max-image-preview:large, max-video-preview:-1\" \/>\n<link rel=\"canonical\" href=\"https:\/\/janine-weikum.de\/?page_id=1727\" \/>\n<meta property=\"og:locale\" content=\"de_DE\" \/>\n<meta property=\"og:type\" content=\"article\" \/>\n<meta property=\"og:title\" content=\"Yoga - \u201eEntspanne mit Yoga und Fu\u00dfmassage \u2013 f\u00fcr ein rundum wohltuendes K\u00f6rpergef\u00fchl und mehr Ausgeglichenheit.\u201c\" \/>\n<meta property=\"og:description\" content=\"Sch\u00f6n, dass dein Weg dich hierher gef\u00fchrt hat.Unter den folgenden Punkten findest du meine Wohlf\u00fchlangebote \u2013 mit ganz viel Herz, Achtsamkeit und Liebe f\u00fcr dich zusammengestellt.Ich lade dich ein, dich umzuschauen, durchzuatmen und einfach mal zu sp\u00fcren, was dir gerade guttut.\" \/>\n<meta property=\"og:url\" content=\"https:\/\/janine-weikum.de\/?page_id=1727\" \/>\n<meta property=\"og:site_name\" content=\"\u201eEntspanne mit Yoga und Fu\u00dfmassage \u2013 f\u00fcr ein rundum wohltuendes K\u00f6rpergef\u00fchl und mehr Ausgeglichenheit.\u201c\" \/>\n<meta property=\"article:modified_time\" content=\"2025-05-13T15:16:22+00:00\" \/>\n<meta property=\"og:image\" content=\"https:\/\/janine-weikum.de\/wp-content\/uploads\/2016\/11\/Logos_Allg.png\" \/>\n\t<meta property=\"og:image:width\" content=\"420\" \/>\n\t<meta property=\"og:image:height\" content=\"420\" \/>\n\t<meta property=\"og:image:type\" content=\"image\/png\" \/>\n<meta name=\"twitter:card\" content=\"summary_large_image\" \/>\n<meta name=\"twitter:label1\" content=\"Gesch\u00e4tzte Lesezeit\" \/>\n\t<meta name=\"twitter:data1\" content=\"1\u00a0Minute\" \/>\n<script type=\"application\/ld+json\" class=\"yoast-schema-graph\">{\"@context\":\"https:\/\/schema.org\",\"@graph\":[{\"@type\":\"WebPage\",\"@id\":\"https:\/\/janine-weikum.de\/?page_id=1727\",\"url\":\"https:\/\/janine-weikum.de\/?page_id=1727\",\"name\":\"Yoga - \u201eEntspanne mit Yoga und Fu\u00dfmassage \u2013 f\u00fcr ein rundum wohltuendes K\u00f6rpergef\u00fchl und mehr Ausgeglichenheit.\u201c\",\"isPartOf\":{\"@id\":\"https:\/\/janine-weikum.de\/#website\"},\"datePublished\":\"2025-05-07T16:47:50+00:00\",\"dateModified\":\"2025-05-13T15:16:22+00:00\",\"breadcrumb\":{\"@id\":\"https:\/\/janine-weikum.de\/?page_id=1727#breadcrumb\"},\"inLanguage\":\"de\",\"potentialAction\":[{\"@type\":\"ReadAction\",\"target\":[\"https:\/\/janine-weikum.de\/?page_id=1727\"]}]},{\"@type\":\"BreadcrumbList\",\"@id\":\"https:\/\/janine-weikum.de\/?page_id=1727#breadcrumb\",\"itemListElement\":[{\"@type\":\"ListItem\",\"position\":1,\"name\":\"Startseite\",\"item\":\"https:\/\/janine-weikum.de\/\"},{\"@type\":\"ListItem\",\"position\":2,\"name\":\"Yoga\"}]},{\"@type\":\"WebSite\",\"@id\":\"https:\/\/janine-weikum.de\/#website\",\"url\":\"https:\/\/janine-weikum.de\/\",\"name\":\"\u201eEntspanne mit Yoga und Fu\u00dfmassage \u2013 f\u00fcr ein rundum wohltuendes K\u00f6rpergef\u00fchl und mehr Ausgeglichenheit.\u201c\",\"description\":\"Barfuss im Gleichgewicht \",\"publisher\":{\"@id\":\"https:\/\/janine-weikum.de\/#\/schema\/person\/c6c8e4b6f667602a7903f623dd37299c\"},\"alternateName\":\"barfuss Yoga + Fu\u00dfmassage\",\"potentialAction\":[{\"@type\":\"SearchAction\",\"target\":{\"@type\":\"EntryPoint\",\"urlTemplate\":\"https:\/\/janine-weikum.de\/?s={search_term_string}\"},\"query-input\":{\"@type\":\"PropertyValueSpecification\",\"valueRequired\":true,\"valueName\":\"search_term_string\"}}],\"inLanguage\":\"de\"},{\"@type\":[\"Person\",\"Organization\"],\"@id\":\"https:\/\/janine-weikum.de\/#\/schema\/person\/c6c8e4b6f667602a7903f623dd37299c\",\"name\":\"73935981\",\"image\":{\"@type\":\"ImageObject\",\"inLanguage\":\"de\",\"@id\":\"https:\/\/janine-weikum.de\/#\/schema\/person\/image\/\",\"url\":\"https:\/\/janine-weikum.de\/wp-content\/uploads\/2016\/11\/Logos_Allg.png\",\"contentUrl\":\"https:\/\/janine-weikum.de\/wp-content\/uploads\/2016\/11\/Logos_Allg.png\",\"width\":420,\"height\":420,\"caption\":\"73935981\"},\"logo\":{\"@id\":\"https:\/\/janine-weikum.de\/#\/schema\/person\/image\/\"},\"sameAs\":[\"https:\/\/www.instagram.com\/barfuss_yoga\/\"]}]}<\/script>\n<!-- \/ Yoast SEO plugin. -->","yoast_head_json":{"title":"Yoga - \u201eEntspanne mit Yoga und Fu\u00dfmassage \u2013 f\u00fcr ein rundum wohltuendes K\u00f6rpergef\u00fchl und mehr Ausgeglichenheit.\u201c","robots":{"index":"index","follow":"follow","max-snippet":"max-snippet:-1","max-image-preview":"max-image-preview:large","max-video-preview":"max-video-preview:-1"},"canonical":"https:\/\/janine-weikum.de\/?page_id=1727","og_locale":"de_DE","og_type":"article","og_title":"Yoga - \u201eEntspanne mit Yoga und Fu\u00dfmassage \u2013 f\u00fcr ein rundum wohltuendes K\u00f6rpergef\u00fchl und mehr Ausgeglichenheit.\u201c","og_description":"Sch\u00f6n, dass dein Weg dich hierher gef\u00fchrt hat.Unter den folgenden Punkten findest du meine Wohlf\u00fchlangebote \u2013 mit ganz viel Herz, Achtsamkeit und Liebe f\u00fcr dich zusammengestellt.Ich lade dich ein, dich umzuschauen, durchzuatmen und einfach mal zu sp\u00fcren, was dir gerade guttut.","og_url":"https:\/\/janine-weikum.de\/?page_id=1727","og_site_name":"\u201eEntspanne mit Yoga und Fu\u00dfmassage \u2013 f\u00fcr ein rundum wohltuendes K\u00f6rpergef\u00fchl und mehr Ausgeglichenheit.\u201c","article_modified_time":"2025-05-13T15:16:22+00:00","og_image":[{"width":420,"height":420,"url":"https:\/\/janine-weikum.de\/wp-content\/uploads\/2016\/11\/Logos_Allg.png","type":"image\/png"}],"twitter_card":"summary_large_image","twitter_misc":{"Gesch\u00e4tzte Lesezeit":"1\u00a0Minute"},"schema":{"@context":"https:\/\/schema.org","@graph":[{"@type":"WebPage","@id":"https:\/\/janine-weikum.de\/?page_id=1727","url":"https:\/\/janine-weikum.de\/?page_id=1727","name":"Yoga - \u201eEntspanne mit Yoga und Fu\u00dfmassage \u2013 f\u00fcr ein rundum wohltuendes K\u00f6rpergef\u00fchl und mehr Ausgeglichenheit.\u201c","isPartOf":{"@id":"https:\/\/janine-weikum.de\/#website"},"datePublished":"2025-05-07T16:47:50+00:00","dateModified":"2025-05-13T15:16:22+00:00","breadcrumb":{"@id":"https:\/\/janine-weikum.de\/?page_id=1727#breadcrumb"},"inLanguage":"de","potentialAction":[{"@type":"ReadAction","target":["https:\/\/janine-weikum.de\/?page_id=1727"]}]},{"@type":"BreadcrumbList","@id":"https:\/\/janine-weikum.de\/?page_id=1727#breadcrumb","itemListElement":[{"@type":"ListItem","position":1,"name":"Startseite","item":"https:\/\/janine-weikum.de\/"},{"@type":"ListItem","position":2,"name":"Yoga"}]},{"@type":"WebSite","@id":"https:\/\/janine-weikum.de\/#website","url":"https:\/\/janine-weikum.de\/","name":"\u201eEntspanne mit Yoga und Fu\u00dfmassage \u2013 f\u00fcr ein rundum wohltuendes K\u00f6rpergef\u00fchl und mehr Ausgeglichenheit.\u201c","description":"Barfuss im Gleichgewicht ","publisher":{"@id":"https:\/\/janine-weikum.de\/#\/schema\/person\/c6c8e4b6f667602a7903f623dd37299c"},"alternateName":"barfuss Yoga + Fu\u00dfmassage","potentialAction":[{"@type":"SearchAction","target":{"@type":"EntryPoint","urlTemplate":"https:\/\/janine-weikum.de\/?s={search_term_string}"},"query-input":{"@type":"PropertyValueSpecification","valueRequired":true,"valueName":"search_term_string"}}],"inLanguage":"de"},{"@type":["Person","Organization"],"@id":"https:\/\/janine-weikum.de\/#\/schema\/person\/c6c8e4b6f667602a7903f623dd37299c","name":"73935981","image":{"@type":"ImageObject","inLanguage":"de","@id":"https:\/\/janine-weikum.de\/#\/schema\/person\/image\/","url":"https:\/\/janine-weikum.de\/wp-content\/uploads\/2016\/11\/Logos_Allg.png","contentUrl":"https:\/\/janine-weikum.de\/wp-content\/uploads\/2016\/11\/Logos_Allg.png","width":420,"height":420,"caption":"73935981"},"logo":{"@id":"https:\/\/janine-weikum.de\/#\/schema\/person\/image\/"},"sameAs":["https:\/\/www.instagram.com\/barfuss_yoga\/"]}]}},"_links":{"self":[{"href":"https:\/\/janine-weikum.de\/index.php?rest_route=\/wp\/v2\/pages\/1727","targetHints":{"allow":["GET"]}}],"collection":[{"href":"https:\/\/janine-weikum.de\/index.php?rest_route=\/wp\/v2\/pages"}],"about":[{"href":"https:\/\/janine-weikum.de\/index.php?rest_route=\/wp\/v2\/types\/page"}],"author":[{"embeddable":true,"href":"https:\/\/janine-weikum.de\/index.php?rest_route=\/wp\/v2\/users\/1"}],"replies":[{"embeddable":true,"href":"https:\/\/janine-weikum.de\/index.php?rest_route=%2Fwp%2Fv2%2Fcomments&post=1727"}],"version-history":[{"count":10,"href":"https:\/\/janine-weikum.de\/index.php?rest_route=\/wp\/v2\/pages\/1727\/revisions"}],"predecessor-version":[{"id":2168,"href":"https:\/\/janine-weikum.de\/index.php?rest_route=\/wp\/v2\/pages\/1727\/revisions\/2168"}],"wp:attachment":[{"href":"https:\/\/janine-weikum.de\/index.php?rest_route=%2Fwp%2Fv2%2Fmedia&parent=1727"}],"curies":[{"name":"wp","href":"https:\/\/api.w.org\/{rel}","templated":true}]}}

<div data-elementor-type="wp-page" data-elementor-id="1727" class="elementor elementor-1727" data-elementor-post-type="page">
				<div class="elementor-element elementor-element-d41034d e-flex e-con-boxed e-con e-parent" data-id="d41034d" data-element_type="container" data-settings="{&quot;background_background&quot;:&quot;classic&quot;}">
					<div class="e-con-inner">
		<div class="elementor-element elementor-element-8071536 e-con-full e-flex e-con e-child" data-id="8071536" data-element_type="container">
				<div class="elementor-element elementor-element-e1d0337 elementor-widget elementor-widget-text-editor" data-id="e1d0337" data-element_type="widget" data-widget_type="text-editor.default">
				<div class="elementor-widget-container">
									<p style="text-align: center;"><span style="color: #ffffff;">Schön, dass dein Weg dich hierher geführt hat.</span><br data-start="185" data-end="188" /><span style="color: #ffffff;">Unter den folgenden Punkten findest du meine Wohlfühlangebote – mit ganz viel Herz, Achtsamkeit und Liebe für dich zusammengestellt.</span><br data-start="320" data-end="323" /><span style="color: #ffffff;">Ich lade dich ein, dich umzuschauen, durchzuatmen und einfach mal zu spüren, was dir gerade guttut.</span></p>								</div>
				</div>
				</div>
					</div>
				</div>
		<div class="elementor-element elementor-element-a33a1f4 e-flex e-con-boxed e-con e-parent" data-id="a33a1f4" data-element_type="container">
					<div class="e-con-inner">
					</div>
				</div>
				</div>

<p>Schön, dass dein Weg dich hierher geführt hat.Unter den folgenden Punkten findest du meine Wohlfühlangebote – mit ganz viel Herz, Achtsamkeit und Liebe für dich zusammengestellt.Ich lade dich ein, dich umzuschauen, durchzuatmen und einfach mal zu spüren, was dir gerade guttut.</p>

<!-- This site is optimized with the Yoast SEO plugin v25.2 - https://yoast.com/wordpress/plugins/seo/ -->
<title>Yoga - „Entspanne mit Yoga und Fußmassage – für ein rundum wohltuendes Körpergefühl und mehr Ausgeglichenheit.“</title>
<meta name="robots" content="index, follow, max-snippet:-1, max-image-preview:large, max-video-preview:-1" />
<link rel="canonical" href="https://janine-weikum.de/?page_id=1727" />
<meta property="og:locale" content="de_DE" />
<meta property="og:type" content="article" />
<meta property="og:title" content="Yoga - „Entspanne mit Yoga und Fußmassage – für ein rundum wohltuendes Körpergefühl und mehr Ausgeglichenheit.“" />
<meta property="og:description" content="Schön, dass dein Weg dich hierher geführt hat.Unter den folgenden Punkten findest du meine Wohlfühlangebote – mit ganz viel Herz, Achtsamkeit und Liebe für dich zusammengestellt.Ich lade dich ein, dich umzuschauen, durchzuatmen und einfach mal zu spüren, was dir gerade guttut." />
<meta property="og:url" content="https://janine-weikum.de/?page_id=1727" />
<meta property="og:site_name" content="„Entspanne mit Yoga und Fußmassage – für ein rundum wohltuendes Körpergefühl und mehr Ausgeglichenheit.“" />
<meta property="article:modified_time" content="2025-05-13T15:16:22+00:00" />
<meta property="og:image" content="https://janine-weikum.de/wp-content/uploads/2016/11/Logos_Allg.png" />
	<meta property="og:image:width" content="420" />
	<meta property="og:image:height" content="420" />
	<meta property="og:image:type" content="image/png" />
<meta name="twitter:card" content="summary_large_image" />
<meta name="twitter:label1" content="Geschätzte Lesezeit" />
	<meta name="twitter:data1" content="1 Minute" />
<script type="application/ld+json" class="yoast-schema-graph">{"@context":"https://schema.org","@graph":[{"@type":"WebPage","@id":"https://janine-weikum.de/?page_id=1727","url":"https://janine-weikum.de/?page_id=1727","name":"Yoga - „Entspanne mit Yoga und Fußmassage – für ein rundum wohltuendes Körpergefühl und mehr Ausgeglichenheit.“","isPartOf":{"@id":"https://janine-weikum.de/#website"},"datePublished":"2025-05-07T16:47:50+00:00","dateModified":"2025-05-13T15:16:22+00:00","breadcrumb":{"@id":"https://janine-weikum.de/?page_id=1727#breadcrumb"},"inLanguage":"de","potentialAction":[{"@type":"ReadAction","target":["https://janine-weikum.de/?page_id=1727"]}]},{"@type":"BreadcrumbList","@id":"https://janine-weikum.de/?page_id=1727#breadcrumb","itemListElement":[{"@type":"ListItem","position":1,"name":"Startseite","item":"https://janine-weikum.de/"},{"@type":"ListItem","position":2,"name":"Yoga"}]},{"@type":"WebSite","@id":"https://janine-weikum.de/#website","url":"https://janine-weikum.de/","name":"„Entspanne mit Yoga und Fußmassage – für ein rundum wohltuendes Körpergefühl und mehr Ausgeglichenheit.“","description":"Barfuss im Gleichgewicht ","publisher":{"@id":"https://janine-weikum.de/#/schema/person/c6c8e4b6f667602a7903f623dd37299c"},"alternateName":"barfuss Yoga + Fußmassage","potentialAction":[{"@type":"SearchAction","target":{"@type":"EntryPoint","urlTemplate":"https://janine-weikum.de/?s={search_term_string}"},"query-input":{"@type":"PropertyValueSpecification","valueRequired":true,"valueName":"search_term_string"}}],"inLanguage":"de"},{"@type":["Person","Organization"],"@id":"https://janine-weikum.de/#/schema/person/c6c8e4b6f667602a7903f623dd37299c","name":"73935981","image":{"@type":"ImageObject","inLanguage":"de","@id":"https://janine-weikum.de/#/schema/person/image/","url":"https://janine-weikum.de/wp-content/uploads/2016/11/Logos_Allg.png","contentUrl":"https://janine-weikum.de/wp-content/uploads/2016/11/Logos_Allg.png","width":420,"height":420,"caption":"73935981"},"logo":{"@id":"https://janine-weikum.de/#/schema/person/image/"},"sameAs":["https://www.instagram.com/barfuss_yoga/"]}]}</script>
<!-- / Yoast SEO plugin. -->

Yoga - „Entspanne mit Yoga und Fußmassage – für ein rundum wohltuendes Körpergefühl und mehr Ausgeglichenheit.“

Schön, dass dein Weg dich hierher geführt hat.Unter den folgenden Punkten findest du meine Wohlfühlangebote – mit ganz viel Herz, Achtsamkeit und Liebe für dich zusammengestellt.Ich lade dich ein, dich umzuschauen, durchzuatmen und einfach mal zu spüren, was dir gerade guttut.

„Entspanne mit Yoga und Fußmassage – für ein rundum wohltuendes Körpergefühl und mehr Ausgeglichenheit.“

barfuss Yoga + Fußmassage
